highest common factor of 14 and h.
14
Let m = 80 - 56. Suppose -4*i - 3*j = -106, 30 = -3*i - j + 107. Let f = 191 + i. What is the highest common divisor of f and m?
24
Let j(x) = x**2 + 8*x + 1. Let g be j(-8). Calculate the highest common divisor of g and 5.
1
Let u be 26/13*(-31)/(-2). What is the greatest common factor of u and 248?
31
Suppose 2*i = 33 + 9. Let a be (-6)/i + 6/21. Let z be (-3)/(-1) + a/(-3). Calculate the highest common factor of z and 12.
3
Let z = 3 - 8. Let b be 15*1*z/(-5). Let i = -240 - -375. What is the greatest common divisor of b and i?
15
Let c(q) = -2*q - 8. Let m be c(-14). Calculate the greatest common factor of 12 and m.
4
Suppose -2*y + 14 = -6. Calculate the highest common divisor of 20 and y.
10
Suppose -4*l + 8*j - 49 = 3*j, 0 = 4*l - 2*j + 34. Let m be 375/10*(-8)/l. What is the highest common factor of m and 20?
10
Let x = 21 - -39. What is the greatest common divisor of 40 and x?
20
Let h(n) = -7*n - 4. Let y be h(-2). Calculate the greatest common factor of 90 and y.
10
Suppose -5*z + 200 = -0*z. Let g be (-14)/(-3) + 6/(-9). Suppose g*t - t = 24. What is the highest common factor of t and z?
8
Let f(u) = u**3 - 13*u**2 - 14*u - 1. Let t be f(14). Let g = t + 9. Calculate the highest common factor of 88 and g.
8
Let z be 0 + -1 - (-5 - 62). What is the greatest common divisor of 22 and z?
22
Let j be 1/(0 + -1 - 0). Let t be j/((-1 - 0)/1). Calculate the greatest common factor of 1 and t.
1
Let w(a) = -a**2 - a. Let t be w(-2). Let x be 685/45 - 2/9. Let u = x - t. Calculate the greatest common divisor of u and 119.
17
Suppose -5*w + 9 = -2*w. Let m be -45*(6/(-5))/2. What is the highest common divisor of w and m?
3
Suppose 3*t = 2*t + 132. Suppose 0 = -5*q + 3*j + 48, j + j = -4*q + 56. Calculate the greatest common factor of t and q.
12
Let k be 20/(-15)*(-6)/4. Suppose i + 5 = k*i, -101 = -4*l - i. What is the greatest common divisor of l and 8?
8
Let b(w) be the first derivative of 6*w**2 + 2*w - 1. Let y be b(4). What is the highest common factor of y and 10?
10
Let r(j) = -2*j + 1. Let l be r(-7). Calculate the highest common divisor of 75 and l.
15
Let q be (-48)/(-28) - 4/(-14). Suppose -q = -p + 1. Suppose -p*a = 2*a - 40. Calculate the greatest common factor of 40 and a.
8
Let q be (0 - -2)*(0 - 2). Let v = 2 + q. Let z be (1 - -1 - 18)*v. What is the highest common factor of z and 48?
16
Suppose -59 + 23 = -3*v. Calculate the greatest common divisor of 4 and v.
4
Let h(k) = -8*k - 23. Let d be h(-3). What is the highest common divisor of d and 9?
1
Let l(k) = 5 + 10*k**2 + 7*k + 0*k**2 + k**3 - 4*k**2. Let x be l(-4). Calculate the greatest common factor of 63 and x.
9
Let y = -2 - -3. Let n = 1 + 0. Let a(t) = 2*t**2 + t - 1. Let p be a(n). Calculate the greatest common divisor of y and p.
1
Let y(p) = -43*p - 1. Let f be y(-1). Let v be (-7)/(-14) + 207/2. Let d be v - 3/(-6)*2. Calculate the highest common divisor of f and d.
21
Suppose 3*r - 19 = 2*r. Let y = -12 + r. What is the highest common factor of 7 and y?
7
Let o be 2/8 + 22/8. Suppose 2*a - 175 = -3*a. Let z be (-2)/(-5) + 56/a. What is the greatest common divisor of o and z?
1
Let o(w) = -w**2 - 13*w + 13. Suppose 3*n = 2*n - 13. Let u be o(n). What is the greatest common divisor of 143 and u?
13
Let d be -4*((-75)/12 + 0). Calculate the highest common divisor of 200 and d.
25
Let v be 2/4 - (-6)/(-4). Let m be 3 + -6*(-1)/v. Let q be 3 + (m - 0) + 12. What is the greatest common divisor of 12 and q?
12
Let b be ((-5)/10)/((-1)/38). Calculate the highest common divisor of 114 and b.
19
Let b(v) = 43*v - 1. Let h be b(1). Suppose 2*s = 3 + 25. Calculate the greatest common factor of s and h.
14
Suppose 5*z = -3*t + 68, -3*z + 38 = -5*t - 30. What is the greatest common factor of z and 4?
4
Let a = 7 + 1. Suppose -3*q + 11 = 2*l, 3*l - a = l - 4*q. Calculate the greatest common factor of l and 2.
2
Let n(a) = 9*a + 0*a**3 + a**3 + 6 + 0*a**3 + 10*a**2. Let d be n(-9). Suppose 0 = 2*y - 10, -3*y + d = 2*m - 25. What is the greatest common factor of 2 and m?
2
Let u be (-324)/(-42) + 4/14. Let a be u/(-20) + 54/10. Suppose -3*h - 6 = -3*x, h + h - 24 = -a*x. Calculate the highest common factor of x and 44.
4
Let u = 60 - 44. Calculate the highest common divisor of u and 32.
16
Let l = -129 - -349. Calculate the greatest common factor of l and 22.
22
Suppose -15 = -5*c + 10. Suppose -705 = -4*h + s, -c*h = -4*s + 253 - 1137. Suppose 5*r + 20 - 130 = 0. What is the highest common divisor of h and r?
22
Suppose -1196 = 4*i - 488. Let p be (3/(-9))/(1/i). Suppose -81 = -2*j + p. What is the greatest common divisor of j and 28?
14
Suppose -2*p + 30 = -5*k, -5*k - 6 = -3*p + 34. Calculate the highest common factor of 30 and p.
10
Suppose 3*u = 5 + 10. Let d = -2 + 4. Suppose -w = 3*n - 30, 0 = 2*n - 0*n + d*w - 20. What is the highest common factor of u and n?
5
Suppose 3*i + 11 = 2. Let u be 30 + (3 - i/(-1)). Calculate the highest common factor of u and 150.
30
Let s(g) = 2*g - 18. Let a be s(16). Let d = 406 + -280. Calculate the highest common divisor of a and d.
14
Let t(y) = y**2 - y. Let p be t(4). Let j be 222/4 - (-6)/p. What is the highest common factor of 14 and j?
14
Suppose -2*k + 4*s + 438 = 0, 3*s = -0*k - 3*k + 612. Suppose 4*i = -i + 95. Calculate the highest common divisor of k and i.
19
Suppose -y + 65 = -5*m, y - 3*m = -3*y + 226. Suppose 6*s - g = s + y, -5*g + 33 = 3*s. Calculate the greatest common factor of 121 and s.
11
Suppose r + 23 = -2*g + 86, 3*r - 5*g = 244. Let k = -43 + r. Let c = -14 + k. What is the greatest common factor of 2 and c?
2
Let f = 3 - 0. Suppose -35 = -f*r - 2*r. Suppose r = d - 1. What is the greatest common divisor of 4 and d?
4
Let i be 1 - 0 - -1 - 0. Suppose -5*r + i*y + 59 = -31, -y = 3*r - 54. Calculate the greatest common factor of 12 and r.
6
Let m = 16 - 13. Suppose -44 = z - m*z. What is the highest common divisor of 33 and z?
11
Let c(b) = -31*b + 9. Let k be c(-7). Let o = 153 - k. Let u = o - -121. What is the greatest common divisor of u and 16?
16
Let g be -12*12/(-27)*-3. Let c = g + 27. What is the highest common divisor of c and 88?
11
Suppose -5*t + 1302 = -538. Suppose t = 4*p - 16. What is the highest common divisor of 16 and p?
16
Let b(m) = m**3 + 14*m**2 - m - 9. Let q be b(-14). Suppose -7*x + q*x + 6 = 0. Let w be x + -9*2/(-2). What is the highest common divisor of w and 18?
6
Suppose 588 = 4*u - 4*d, 2*u + 54 = -5*d + 369. What is the highest common divisor of 15 and u?
15
Let t = -12 - -17. What is the highest common divisor of 95 and t?
5
Suppose -4*p + 15 = -49. What is the greatest common factor of p and 8?
8
Suppose -3*j + 11 = 2. Let q be ((-9)/(-21))/(-1*2/(-14)). Calculate the greatest common divisor of q and j.
3
Let o(s) = -2*s**2 - 19*s + 18. Let l be o(-9). Calculate the greatest common factor of 135 and l.
27
Suppose -15 = 5*v, 4*y - 6*y + 5*v = -45. Let b = 41 + -26. Calculate the highest common factor of b and y.
15
Let i(s) = -s**3 + 5*s**2 + 2*s + 7. Let l be i(4). What is the highest common factor of 124 and l?
31
Let k(u) = 4*u - 25. Let w be k(13). Calculate the highest common divisor of w and 297.
27
Let f = 1 + 5. Let h be 12*(-2)/(1 - 3). Calculate the highest common factor of h and f.
6
Suppose 4*q + 34 - 105 = -5*p, 3*q - p - 77 = 0. What is the greatest common divisor of 6 and q?
6
Let v(l) = 2*l + 19. Let o be v(8). What is the highest common factor of o and 14?
7
Let x(i) = i**2 + 3*i - 10. Let t be x(7). What is the greatest common factor of 45 and t?
15
Suppose -5*q - 36 = -8*q. Calculate the greatest common divisor of 6 and q.
6
Let d(c) = 87*c**3 + 2*c**2 - 2*c + 1. Let r be d(1). Calculate the greatest common divisor of r and 22.
22
Let b = 2 + 11. Let x = -6 + b. What is the highest common factor of x and 63?
7
Let q be (4/12 - -1)*-3. Let k(l) = -10*l - 5 - 2 + 3. Let z be k(q). Calculate the greatest common divisor of 90 and z.
18
Let o be ((-2)/((-2)/129))/(-1). Let u = o + -15. Let k = u - -276. What is the highest common factor of k and 12?
12
Suppose 0 = -5*k - 3*v + 480, 2*k + 3*v = 6*k - 357. Suppose 167 = 3*s - 6*p + 2*p, k = 2*s + p. What is the greatest common divisor of s and 7?
7
Let i = -15 - -31. Calculate